{"id":3327,"date":"2026-04-14T20:04:38","date_gmt":"2026-04-14T20:04:38","guid":{"rendered":"https:\/\/artsetphotos.fr\/photoclub\/?page_id=3327"},"modified":"2026-04-15T12:44:56","modified_gmt":"2026-04-15T12:44:56","slug":"aza-2026","status":"publish","type":"page","link":"https:\/\/artsetphotos.fr\/photoclub\/aza\/aza-de-lannee\/aza-2026\/","title":{"rendered":"AzA 2026"},"content":{"rendered":"\n<p>Les sujets de cette ann\u00e9e ont \u00e9t\u00e9 jug\u00e9s &#8220;cr\u00e9ativement difficiles&#8221; pour diff\u00e9rents arts , habituellement pr\u00e9sents dans l&#8217;exposition ! Nous ferons &#8220;mieux&#8221; pour 2027 ! ! !<\/p>\n\n\n<!-- PhotoBlocks for WordPress v1.2.4 free --><style> #photoblocks-72 {width: 100%;} #photoblocks-72 .pb-block {border-color: #333333;} #photoblocks-72 .pb-title {color: #ffffff;font-size: 20px;} #photoblocks-72 .pb-description {color: rgba(255, 255, 255, 0.7);font-size: 14px;} #photoblocks-72 .pb-block.pb-type-text .pb-overlay {} #photoblocks-72 .pb-block.pb-type-text .pb-title, #photoblocks-72 .pb-block.pb-type-text .pb-description {} #photoblocks-72 .pb-block.pb-type-text .pb-title {} #photoblocks-72 .pb-block.pb-type-text .pb-description {} #photoblocks-72 .pb-overlay {background: rgba(0, 0, 0, 0.75);} #photoblocks-72.pb-lift.show-empty-overlay .pb-block.pb-type-image:hover, #photoblocks-72.pb-lift .pb-block.pb-type-image.with-text:hover { box-shadow: rgba(0, 0, 0, 0.75) 0 0 20px; } #photoblocks-72 .pb-block { } #photoblocks-72 .pb-block .pb-social button {color: #ffffff;font-size: 14px;} #photoblocks-72 .pb-blocks .pb-type-image {max-width: calc( 100% - 10px )}<\/style><div class=\"photoblocks-gallery pb-blur pb-lift pb-effect-fade\" data-anim=\"fade\" id=\"photoblocks-72\"> <div class=\"pb-blocks\"> <div class=\"pb-block pb-portrait pb-height pb-type-image \" style=\"\" data-colspan=\"1\" data-rowspan=\"1\" data-col=\"0\" data-row=\"0\" data-valign=\"center\" data-halign=\"center\" data-type=\"image\" data-ratio=\"0.574\"> <img decoding=\"async\" class=\"pb-image skip-lazy \" src=\"data:image\/png;base64,iVBORw0KGgoAAAANSUhEUgAAAAEAAAABCAYAAAAfFcSJAAAADUlEQVR42mNkYPhfDwAChwGA60e6kgAAAABJRU5ErkJggg==\" data-pb-source=\"https:\/\/artsetphotos.fr\/photoclub\/wp-content\/uploads\/2026\/04\/20260412-0909-expo-photos-20260412_090940-689x1200.jpg\" alt=\"\"> <noscript><img decoding=\"async\" src=\"http:\/\/artsetphotos.fr\/photoclub\/wp-content\/uploads\/2026\/04\/20260412-0909-expo-photos-20260412_090940.jpg\" alt=\"\"><\/noscript> <a class=\"pb-link \" data-magnific=\"gallery-72\" data-caption=\"\" rel=\"\" target=\"\" href=\"https:\/\/artsetphotos.fr\/photoclub\/wp-content\/plugins\/photoblocks-grid-gallery\/includes\/..\/public\/pbm.php?zc=4&max=1600&src=https:\/\/artsetphotos.fr\/photoclub\/wp-content\/uploads\/2026\/04\/20260412-0909-expo-photos-20260412_090940-689x1200.jpg\"> <\/a> <\/div> <div class=\"pb-block pb-portrait pb-height pb-type-image \" style=\"\" data-colspan=\"1\" data-rowspan=\"1\" data-col=\"1\" data-row=\"0\" data-valign=\"center\" data-halign=\"center\" data-type=\"image\" data-ratio=\"0.764\"> <img decoding=\"async\" class=\"pb-image skip-lazy \" src=\"data:image\/png;base64,iVBORw0KGgoAAAANSUhEUgAAAAEAAAABCAYAAAAfFcSJAAAADUlEQVR42mNkYPhfDwAChwGA60e6kgAAAABJRU5ErkJggg==\" data-pb-source=\"https:\/\/artsetphotos.fr\/photoclub\/wp-content\/uploads\/2026\/04\/20260413-0839-expo-photos-detail-20260413_083911-917x1200.jpg\" alt=\"\"> <noscript><img decoding=\"async\" src=\"http:\/\/artsetphotos.fr\/photoclub\/wp-content\/uploads\/2026\/04\/20260413-0839-expo-photos-detail-20260413_083911.jpg\" alt=\"\"><\/noscript> <a class=\"pb-link \" data-magnific=\"gallery-72\" data-caption=\"\" rel=\"\" target=\"\" href=\"https:\/\/artsetphotos.fr\/photoclub\/wp-content\/plugins\/photoblocks-grid-gallery\/includes\/..\/public\/pbm.php?zc=4&max=1600&src=https:\/\/artsetphotos.fr\/photoclub\/wp-content\/uploads\/2026\/04\/20260413-0839-expo-photos-detail-20260413_083911-917x1200.jpg\"> <\/a> <\/div> <div class=\"pb-block pb-portrait pb-height pb-type-image \" style=\"\" data-colspan=\"1\" data-rowspan=\"1\" data-col=\"2\" data-row=\"0\" data-valign=\"center\" data-halign=\"center\" data-type=\"image\" data-ratio=\"0.717\"> <img decoding=\"async\" class=\"pb-image skip-lazy \" src=\"data:image\/png;base64,iVBORw0KGgoAAAANSUhEUgAAAAEAAAABCAYAAAAfFcSJAAAADUlEQVR42mNkYPhfDwAChwGA60e6kgAAAABJRU5ErkJggg==\" data-pb-source=\"https:\/\/artsetphotos.fr\/photoclub\/wp-content\/uploads\/2026\/04\/20260413-0835-expo-photos-detail-20260413_083536-860x1200.jpg\" alt=\"\"> <noscript><img decoding=\"async\" src=\"http:\/\/artsetphotos.fr\/photoclub\/wp-content\/uploads\/2026\/04\/20260413-0835-expo-photos-detail-20260413_083536.jpg\" alt=\"\"><\/noscript> <a class=\"pb-link \" data-magnific=\"gallery-72\" data-caption=\"\" rel=\"\" target=\"\" href=\"https:\/\/artsetphotos.fr\/photoclub\/wp-content\/plugins\/photoblocks-grid-gallery\/includes\/..\/public\/pbm.php?zc=4&max=1600&src=https:\/\/artsetphotos.fr\/photoclub\/wp-content\/uploads\/2026\/04\/20260413-0835-expo-photos-detail-20260413_083536-860x1200.jpg\"> <\/a> <\/div> <div class=\"pb-block pb-portrait pb-height pb-type-image \" style=\"\" data-colspan=\"1\" data-rowspan=\"1\" data-col=\"3\" data-row=\"0\" data-valign=\"center\" data-halign=\"center\" data-type=\"image\" data-ratio=\"0.75\"> <img decoding=\"async\" class=\"pb-image skip-lazy \" src=\"data:image\/png;base64,iVBORw0KGgoAAAANSUhEUgAAAAEAAAABCAYAAAAfFcSJAAAADUlEQVR42mNkYPhfDwAChwGA60e6kgAAAABJRU5ErkJggg==\" data-pb-source=\"https:\/\/artsetphotos.fr\/photoclub\/wp-content\/uploads\/2026\/04\/20260413-0836-expo-photos-detail-20260413_083620-900x1200.jpg\" alt=\"\"> <noscript><img decoding=\"async\" src=\"http:\/\/artsetphotos.fr\/photoclub\/wp-content\/uploads\/2026\/04\/20260413-0836-expo-photos-detail-20260413_083620.jpg\" alt=\"\"><\/noscript> <a class=\"pb-link \" data-magnific=\"gallery-72\" data-caption=\"\" rel=\"\" target=\"\" href=\"https:\/\/artsetphotos.fr\/photoclub\/wp-content\/plugins\/photoblocks-grid-gallery\/includes\/..\/public\/pbm.php?zc=4&max=1600&src=https:\/\/artsetphotos.fr\/photoclub\/wp-content\/uploads\/2026\/04\/20260413-0836-expo-photos-detail-20260413_083620-900x1200.jpg\"> <\/a> <\/div> <div class=\"pb-block pb-portrait pb-height pb-type-image \" style=\"\" data-colspan=\"1\" data-rowspan=\"1\" data-col=\"0\" data-row=\"1\" data-valign=\"center\" data-halign=\"center\" data-type=\"image\" data-ratio=\"0.682\"> <img decoding=\"async\" class=\"pb-image skip-lazy \" src=\"data:image\/png;base64,iVBORw0KGgoAAAANSUhEUgAAAAEAAAABCAYAAAAfFcSJAAAADUlEQVR42mNkYPhfDwAChwGA60e6kgAAAABJRU5ErkJggg==\" data-pb-source=\"https:\/\/artsetphotos.fr\/photoclub\/wp-content\/uploads\/2026\/04\/20260413-0835-expo-photos-detail-20260413_083547-818x1200.jpg\" alt=\"\"> <noscript><img decoding=\"async\" src=\"http:\/\/artsetphotos.fr\/photoclub\/wp-content\/uploads\/2026\/04\/20260413-0835-expo-photos-detail-20260413_083547.jpg\" alt=\"\"><\/noscript> <a class=\"pb-link \" data-magnific=\"gallery-72\" data-caption=\"\" rel=\"\" target=\"\" href=\"https:\/\/artsetphotos.fr\/photoclub\/wp-content\/plugins\/photoblocks-grid-gallery\/includes\/..\/public\/pbm.php?zc=4&max=1600&src=https:\/\/artsetphotos.fr\/photoclub\/wp-content\/uploads\/2026\/04\/20260413-0835-expo-photos-detail-20260413_083547-818x1200.jpg\"> <\/a> <\/div> <div class=\"pb-block pb-portrait pb-height pb-type-image \" style=\"\" data-colspan=\"1\" data-rowspan=\"1\" data-col=\"1\" data-row=\"1\" data-valign=\"center\" data-halign=\"center\" data-type=\"image\" data-ratio=\"0.6855\"> <img decoding=\"async\" class=\"pb-image skip-lazy \" src=\"data:image\/png;base64,iVBORw0KGgoAAAANSUhEUgAAAAEAAAABCAYAAAAfFcSJAAAADUlEQVR42mNkYPhfDwAChwGA60e6kgAAAABJRU5ErkJggg==\" data-pb-source=\"https:\/\/artsetphotos.fr\/photoclub\/wp-content\/uploads\/2026\/04\/20260413-0837-expo-photos-detail-20260413_083754-2-823x1200.jpg\" alt=\"\"> <noscript><img decoding=\"async\" src=\"http:\/\/artsetphotos.fr\/photoclub\/wp-content\/uploads\/2026\/04\/20260413-0837-expo-photos-detail-20260413_083754-2.jpg\" alt=\"\"><\/noscript> <a class=\"pb-link \" data-magnific=\"gallery-72\" data-caption=\"\" rel=\"\" target=\"\" href=\"https:\/\/artsetphotos.fr\/photoclub\/wp-content\/plugins\/photoblocks-grid-gallery\/includes\/..\/public\/pbm.php?zc=4&max=1600&src=https:\/\/artsetphotos.fr\/photoclub\/wp-content\/uploads\/2026\/04\/20260413-0837-expo-photos-detail-20260413_083754-2-823x1200.jpg\"> <\/a> <\/div> <div class=\"pb-block pb-landscape pb-width pb-type-image \" style=\"\" data-colspan=\"1\" data-rowspan=\"1\" data-col=\"2\" data-row=\"1\" data-valign=\"center\" data-halign=\"center\" data-type=\"image\" data-ratio=\"4.5558086560364\"> <img decoding=\"async\" class=\"pb-image skip-lazy \" src=\"data:image\/png;base64,iVBORw0KGgoAAAANSUhEUgAAAAEAAAABCAYAAAAfFcSJAAAADUlEQVR42mNkYPhfDwAChwGA60e6kgAAAABJRU5ErkJggg==\" data-pb-source=\"https:\/\/artsetphotos.fr\/photoclub\/wp-content\/uploads\/2026\/04\/20260412-0911-expo-photos-20260412_091153-1200x263.jpg\" alt=\"\"> <noscript><img decoding=\"async\" src=\"http:\/\/artsetphotos.fr\/photoclub\/wp-content\/uploads\/2026\/04\/20260412-0911-expo-photos-20260412_091153.jpg\" alt=\"\"><\/noscript> <a class=\"pb-link \" data-magnific=\"gallery-72\" data-caption=\"\" rel=\"\" target=\"\" href=\"https:\/\/artsetphotos.fr\/photoclub\/wp-content\/plugins\/photoblocks-grid-gallery\/includes\/..\/public\/pbm.php?zc=4&max=1600&src=https:\/\/artsetphotos.fr\/photoclub\/wp-content\/uploads\/2026\/04\/20260412-0911-expo-photos-20260412_091153-1200x263.jpg\"> <\/a> <\/div> <div class=\"pb-block pb-portrait pb-height pb-type-image \" style=\"\" data-colspan=\"1\" data-rowspan=\"1\" data-col=\"3\" data-row=\"1\" data-valign=\"center\" data-halign=\"center\" data-type=\"image\" data-ratio=\"0.7115\"> <img decoding=\"async\" class=\"pb-image skip-lazy \" src=\"data:image\/png;base64,iVBORw0KGgoAAAANSUhEUgAAAAEAAAABCAYAAAAfFcSJAAAADUlEQVR42mNkYPhfDwAChwGA60e6kgAAAABJRU5ErkJggg==\" data-pb-source=\"https:\/\/artsetphotos.fr\/photoclub\/wp-content\/uploads\/2026\/04\/20260412-0909-expo-photos-20260412_090946-854x1200.jpg\" alt=\"\"> <noscript><img decoding=\"async\" src=\"http:\/\/artsetphotos.fr\/photoclub\/wp-content\/uploads\/2026\/04\/20260412-0909-expo-photos-20260412_090946.jpg\" alt=\"\"><\/noscript> <a class=\"pb-link \" data-magnific=\"gallery-72\" data-caption=\"\" rel=\"\" target=\"\" href=\"https:\/\/artsetphotos.fr\/photoclub\/wp-content\/plugins\/photoblocks-grid-gallery\/includes\/..\/public\/pbm.php?zc=4&max=1600&src=https:\/\/artsetphotos.fr\/photoclub\/wp-content\/uploads\/2026\/04\/20260412-0909-expo-photos-20260412_090946-854x1200.jpg\"> <\/a> <\/div> <div class=\"pb-block pb-landscape pb-width pb-type-image \" style=\"\" data-colspan=\"1\" data-rowspan=\"1\" data-col=\"0\" data-row=\"2\" data-valign=\"center\" data-halign=\"center\" data-type=\"image\" data-ratio=\"3.0816640986133\"> <img decoding=\"async\" class=\"pb-image skip-lazy \" src=\"data:image\/png;base64,iVBORw0KGgoAAAANSUhEUgAAAAEAAAABCAYAAAAfFcSJAAAADUlEQVR42mNkYPhfDwAChwGA60e6kgAAAABJRU5ErkJggg==\" data-pb-source=\"https:\/\/artsetphotos.fr\/photoclub\/wp-content\/uploads\/2026\/04\/20260412-0911-expo-photos-20260412_091127-1200x389.jpg\" alt=\"\"> <noscript><img decoding=\"async\" src=\"http:\/\/artsetphotos.fr\/photoclub\/wp-content\/uploads\/2026\/04\/20260412-0911-expo-photos-20260412_091127.jpg\" alt=\"\"><\/noscript> <a class=\"pb-link \" data-magnific=\"gallery-72\" data-caption=\"\" rel=\"\" target=\"\" href=\"https:\/\/artsetphotos.fr\/photoclub\/wp-content\/plugins\/photoblocks-grid-gallery\/includes\/..\/public\/pbm.php?zc=4&max=1600&src=https:\/\/artsetphotos.fr\/photoclub\/wp-content\/uploads\/2026\/04\/20260412-0911-expo-photos-20260412_091127-1200x389.jpg\"> <\/a> <\/div> <div class=\"pb-block pb-landscape pb-width pb-type-image \" style=\"\" data-colspan=\"1\" data-rowspan=\"1\" data-col=\"1\" data-row=\"2\" data-valign=\"center\" data-halign=\"center\" data-type=\"image\" data-ratio=\"2.0746887966805\"> <img decoding=\"async\" class=\"pb-image skip-lazy \" src=\"data:image\/png;base64,iVBORw0KGgoAAAANSUhEUgAAAAEAAAABCAYAAAAfFcSJAAAADUlEQVR42mNkYPhfDwAChwGA60e6kgAAAABJRU5ErkJggg==\" data-pb-source=\"https:\/\/artsetphotos.fr\/photoclub\/wp-content\/uploads\/2026\/04\/20260412-0911-expo-photos-20260412_091116-1200x578.jpg\" alt=\"\"> <noscript><img decoding=\"async\" src=\"http:\/\/artsetphotos.fr\/photoclub\/wp-content\/uploads\/2026\/04\/20260412-0911-expo-photos-20260412_091116.jpg\" alt=\"\"><\/noscript> <a class=\"pb-link \" data-magnific=\"gallery-72\" data-caption=\"\" rel=\"\" target=\"\" href=\"https:\/\/artsetphotos.fr\/photoclub\/wp-content\/plugins\/photoblocks-grid-gallery\/includes\/..\/public\/pbm.php?zc=4&max=1600&src=https:\/\/artsetphotos.fr\/photoclub\/wp-content\/uploads\/2026\/04\/20260412-0911-expo-photos-20260412_091116-1200x578.jpg\"> <\/a> <\/div> <div class=\"pb-block pb-landscape pb-width pb-type-image \" style=\"\" data-colspan=\"1\" data-rowspan=\"1\" data-col=\"2\" data-row=\"2\" data-valign=\"center\" data-halign=\"center\" data-type=\"image\" data-ratio=\"1.3568521031208\"> <img decoding=\"async\" class=\"pb-image skip-lazy \" src=\"data:image\/png;base64,iVBORw0KGgoAAAANSUhEUgAAAAEAAAABCAYAAAAfFcSJAAAADUlEQVR42mNkYPhfDwAChwGA60e6kgAAAABJRU5ErkJggg==\" data-pb-source=\"https:\/\/artsetphotos.fr\/photoclub\/wp-content\/uploads\/2026\/04\/20260412-0910-expo-photos-20260412_091022-1200x884.jpg\" alt=\"\"> <noscript><img decoding=\"async\" src=\"http:\/\/artsetphotos.fr\/photoclub\/wp-content\/uploads\/2026\/04\/20260412-0910-expo-photos-20260412_091022.jpg\" alt=\"\"><\/noscript> <a class=\"pb-link \" data-magnific=\"gallery-72\" data-caption=\"\" rel=\"\" target=\"\" href=\"https:\/\/artsetphotos.fr\/photoclub\/wp-content\/plugins\/photoblocks-grid-gallery\/includes\/..\/public\/pbm.php?zc=4&max=1600&src=https:\/\/artsetphotos.fr\/photoclub\/wp-content\/uploads\/2026\/04\/20260412-0910-expo-photos-20260412_091022-1200x884.jpg\"> <\/a> <\/div> <div class=\"pb-block pb-landscape pb-width pb-type-image \" style=\"\" data-colspan=\"1\" data-rowspan=\"1\" data-col=\"3\" data-row=\"2\" data-valign=\"center\" data-halign=\"center\" data-type=\"image\" data-ratio=\"3.1446540880503\"> <img decoding=\"async\" class=\"pb-image skip-lazy \" src=\"data:image\/png;base64,iVBORw0KGgoAAAANSUhEUgAAAAEAAAABCAYAAAAfFcSJAAAADUlEQVR42mNkYPhfDwAChwGA60e6kgAAAABJRU5ErkJggg==\" data-pb-source=\"https:\/\/artsetphotos.fr\/photoclub\/wp-content\/uploads\/2026\/04\/20260412-0911-expo-photos-20260412_091133-1200x382.jpg\" alt=\"\"> <noscript><img decoding=\"async\" src=\"http:\/\/artsetphotos.fr\/photoclub\/wp-content\/uploads\/2026\/04\/20260412-0911-expo-photos-20260412_091133.jpg\" alt=\"\"><\/noscript> <a class=\"pb-link \" data-magnific=\"gallery-72\" data-caption=\"\" rel=\"\" target=\"\" href=\"https:\/\/artsetphotos.fr\/photoclub\/wp-content\/plugins\/photoblocks-grid-gallery\/includes\/..\/public\/pbm.php?zc=4&max=1600&src=https:\/\/artsetphotos.fr\/photoclub\/wp-content\/uploads\/2026\/04\/20260412-0911-expo-photos-20260412_091133-1200x382.jpg\"> <\/a> <\/div> <\/div><\/div><div id=\"photoblocks-fancybox-72\"><\/div><script>jQuery(function () { var p = new PhotoBlocks({ selector: \"#photoblocks-72\", columns: 4, padding: 10, resizer: \"\", image_quality: 80, disable_below: 320, imageFactor: 1.5, on: { before: function () { }, after: function () { }, refresh: function () { } }, mobile_layout: [], lazy: false, debug: false }); jQuery(\"#photoblocks-72\").magnificPopup({ delegate: \".pb-block:not(.pb-filtered) [data-magnific]\", type: \"image\", gallery: { enabled: true, preload: [0,2] }, image: { titleSrc: 'data-caption' }, mainClass: \"mfp-72\" }); });<\/script>\n\n\n\n<figure class=\"wp-block-image size-full\"><img loading=\"lazy\" decoding=\"async\" width=\"700\" height=\"386\" src=\"http:\/\/artsetphotos.fr\/photoclub\/wp-content\/uploads\/2026\/04\/liste-participants-aza-2026-2.jpg\" alt=\"\" class=\"wp-image-3326\" srcset=\"https:\/\/artsetphotos.fr\/photoclub\/wp-content\/uploads\/2026\/04\/liste-participants-aza-2026-2.jpg 700w, https:\/\/artsetphotos.fr\/photoclub\/wp-content\/uploads\/2026\/04\/liste-participants-aza-2026-2-600x331.jpg 600w, https:\/\/artsetphotos.fr\/photoclub\/wp-content\/uploads\/2026\/04\/liste-participants-aza-2026-2-150x83.jpg 150w, https:\/\/artsetphotos.fr\/photoclub\/wp-content\/uploads\/2026\/04\/liste-participants-aza-2026-2-400x221.jpg 400w\" sizes=\"auto, (max-width: 700px) 100vw, 700px\" \/><\/figure>\n","protected":false},"excerpt":{"rendered":"\n<p>Les sujets de cette ann\u00e9e ont \u00e9t\u00e9 jug\u00e9s &#8220;cr\u00e9ativement difficiles&#8221; pour diff\u00e9rents arts , habituellement pr\u00e9sents dans l&#8217;exposition ! Nous ferons &#8220;mieux&#8221; pour 2027 ! ! !<\/p>\n<p> #photoblocks-72 {width: 100%;} #photoblocks-72 .pb-block {border-color: #333333;} #photoblocks-72 .pb-title {color: #ffffff;font-size: 20px;} #photoblocks-72 .pb-description {color: rgba(255, 255, 255, 0.7);font-size: 14px;} #photoblocks-72 .pb-block.pb-type-text .pb-overlay {} #photoblocks-72 .pb-block.pb-type-text .pb-title, #photoblocks-72 .pb-block.pb-type-text .pb-description {} #photoblocks-72 .pb-block.pb-type-text .pb-title {} #photoblocks-72 .pb-block.pb-type-text .pb-description {} #photoblocks-72 .pb-overlay {background: rgba(0, 0, 0, 0.75);} #photoblocks-72.pb-lift.show-empty-overlay .pb-block.pb-type-image:hover, #photoblocks-72.pb-lift .pb-block.pb-type-image.with-text:hover { box-shadow: rgba(0, 0, 0, 0.75) 0 0 20px; } #photoblocks-72 .pb-block { } #photoblocks-72 .pb-block .pb-social button {color: #ffffff;font-size: 14px;} #photoblocks-72 .pb-blocks .pb-type-image {max-width: calc( 100% &#8211; 10px )}                                                                          jQuery(function () { var p = new PhotoBlocks({ selector: &#8220;#photoblocks-72&#8221;, columns: 4, padding: 10, resizer: &#8220;&#8221;, image_quality: 80, disable_below: 320, imageFactor: 1.5, on: { before: function () { }, after: function () { }, refresh: function () { } }, mobile_layout: [], lazy: false, debug: false }); jQuery(&#8220;#photoblocks-72&#8221;).magnificPopup({ delegate: &#8220;.pb-block:not(.pb-filtered) [data-magnific]&#8221;, type: &#8220;image&#8221;, gallery: { enabled: true, preload: [0,2] }, image: { titleSrc: &#8216;data-caption&#8217; }, mainClass: &#8220;mfp-72&#8221; }); });<\/p>\n","protected":false},"author":1,"featured_media":0,"parent":2969,"menu_order":0,"comment_status":"closed","ping_status":"closed","template":"","meta":{"footnotes":""},"class_list":["post-3327","page","type-page","status-publish","hentry","odd"],"_links":{"self":[{"href":"https:\/\/artsetphotos.fr\/photoclub\/wp-json\/wp\/v2\/pages\/3327","targetHints":{"allow":["GET"]}}],"collection":[{"href":"https:\/\/artsetphotos.fr\/photoclub\/wp-json\/wp\/v2\/pages"}],"about":[{"href":"https:\/\/artsetphotos.fr\/photoclub\/wp-json\/wp\/v2\/types\/page"}],"author":[{"embeddable":true,"href":"https:\/\/artsetphotos.fr\/photoclub\/wp-json\/wp\/v2\/users\/1"}],"replies":[{"embeddable":true,"href":"https:\/\/artsetphotos.fr\/photoclub\/wp-json\/wp\/v2\/comments?post=3327"}],"version-history":[{"count":3,"href":"https:\/\/artsetphotos.fr\/photoclub\/wp-json\/wp\/v2\/pages\/3327\/revisions"}],"predecessor-version":[{"id":3486,"href":"https:\/\/artsetphotos.fr\/photoclub\/wp-json\/wp\/v2\/pages\/3327\/revisions\/3486"}],"up":[{"embeddable":true,"href":"https:\/\/artsetphotos.fr\/photoclub\/wp-json\/wp\/v2\/pages\/2969"}],"wp:attachment":[{"href":"https:\/\/artsetphotos.fr\/photoclub\/wp-json\/wp\/v2\/media?parent=3327"}],"curies":[{"name":"wp","href":"https:\/\/api.w.org\/{rel}","templated":true}]}}